 r?
6
Suppose 2*q - 64 = -3*v, 9*v = 7*v + 4. Calculate the remainder when q is divided by 8.
5
Suppose -2*r - 9*z = -5*z - 120, 0 = -2*r + 5*z + 93. What is the remainder when 56 is divided by r?
2
Let i(a) = -5*a - 10. Suppose 2*h - 3*k + 3 = -1, 2*k - 24 = 4*h. What is the remainder when i(h) is divided by 9?
3
Let r = 1698 - 1539. Calculate the remainder when r is divided by 7.
5
Suppose -2*k - 128 = -2*j, 4*j = 2*j - 2*k + 144. Calculate the remainder when 337 is divided by j.
65
Suppose -47*h = -48*h - 9. What is the remainder when 238 is divided by (14 - -1)/(h/(-36))?
58
Let x be 21/6*15*(-6)/(-105). Let t(v) be the third derivative of v**4/12 - v**3/2 - v**2. What is the remainder when t(x) is divided by 2?
1
Let k(u) = 15*u**2 - 3*u + 2. What is the remainder when 22 is divided by k(1)?
8
Let a = -6 + 15. Let i(x) = -x**2 + 19*x - 6. Let b be i(16). Let z = b + -9. What is the remainder when z is divided by a?
6
Let d(z) = -2*z**3 + 2*z**2 + 2*z + 6. What is the remainder when 673 is divided by d(-2)?
23
Let s(c) = -c**3 - 4*c**2 + 3*c - 4. What is the remainder when 9 is divided by s(-5)?
3
Suppose -5*p + 131 = 4*d, 3*p - 72 = -3*d + 8*p. What is the remainder when 113 is divided by d?
26
Let m = -43 + 55. What is the remainder when 23 is divided by m?
11
Let b(k) = -170*k + 10. Let a be b(2). What is the remainder when 6/(-24) + a/(-8) is divided by 9?
5
Let u(o) be the second derivative of -o**5/20 - 2*o**4/3 - 7*o**3/6 + 5*o**2 - 18*o. What is the remainder when 34 is divided by u(-7)?
4
Suppose 0*n = 4*n - 16. Let y be (6/n)/((-9)/(-18)). Suppose 2*c + 8 = 0, y*b + 5*c - 7 = -0*b. Calculate the remainder when 15 is divided by b.
6
Suppose 291*i = 295*i - 144. Calculate the remainder when 179 is divided by i.
35
What is the remainder when -22 + 188 - 1*2 is divided by 11?
10
Suppose -9 = 4*j - 7*j. Suppose 3*f + 2*p - 85 = 0, -f + 15 = j*p + p. What is the remainder when f is divided by 2/6 - (-150)/9?
14
Suppose -2*a = -4 - 0. Suppose a*r - 7 = 13. Suppose -12*g - 57 = -15*g. What is the remainder when g is divided by r?
9
Suppose 3*a - 24 = -a. Suppose -82 - 92 = -a*o. Suppose -o = -4*c + n, -2*c + 31 = 3*c - 3*n. What is the remainder when c is divided by 5?
3
Let n be (-4)/(-1 - (2 + -5)). Let o(h) = h**3 + 6*h**2 - 7*h - 7. What is the remainder when o(-6) is divided by 332/36 - n/(-9)?
8
What is the remainder when 564 is divided by (-40)/(-16)*(-1512)/(-60)?
60
Suppose -3*j - 17 + 8 = 0. Calculate the remainder when 13 is divided by 1 - j - (-5 - -1).
5
Suppose 0 = 2*w - 8, r + 2*w - 27 = 3*w. Let z(m) = 2*m**2 + 129*m - 1431. Calculate the remainder when z(10) is divided by r.
28
Let z = -88 - -229. Let a = 5 - -13. What is the remainder when z is divided by a?
15
Suppose 4*i + 3*k = 20, -i - 4*k + 15 = 2*i. Suppose v - i*v = 32. Let a(d) = -8*d + 3. What is the remainder when a(v) is divided by 17?
16
Suppose 4*h + 31 = -3*y, -3*h = -4*y - h - 34. Let s(i) = 3*i**2 + 8*i - 11. What is the remainder when s(y) is divided by 9?
7
Let f(b) = -12*b - 23. Let j(l) = -24*l - 46. Suppose -s + 2 - 5 = 0. Let d(p) = s*j(p) + 5*f(p). Calculate the remainder when d(7) is divided by 36.
35
Let k(h) = 2*h**2 - 5*h - 5. Let l be k(-3). Let z = -41 - l. Let d = z - -143. Calculate the remainder when d is divided by 19.
17
Suppose -979 = 9*g - 10*g + 5*r, -3*g + 2994 = 4*r. Calculate the remainder when g is divided by 3.
1
Let c = 7 - 8. Suppose -2*s = -62 - 34. What is the remainder when s is divided by c/(-4) - (-78)/8?
8
Let a(i) = i**2 - 7*i + 5. Suppose 12*r - 8*r + 8 = 0. What is the remainder when r - -1 - (-117)/3 is divided by a(8)?
12
Suppose 0 = -x - 5*d + 11, -2*d + 43 = 2*x + 13. Calculate the remainder when 171 is divided by x.
11
Suppose -45 = -10*u + 5*u. Suppose -u + 29 = l. What is the remainder when l is divided by 7?
6
Suppose 344 = -3*p + 1727. Suppose -2*d + 4 = 0, p = 2*y - d - 37. Suppose x - y = -4*x. Calculate the remainder when x is divided by 13.
11
Let i = 17 + -16. Let h = i + 6. Let d(j) = -j + 12. Calculate the remainder when 8 is divided by d(h).
3
Let h = 349 + -308. Calculate the remainder when 203 is divided by h.
39
Let o(b) = 12*b + 3. Let w be o(3). Let c = w + 5. Let k = -973 - -988. What is the remainder when c is divided by k?
14
Suppose -13*l + 233 + 1 = 0. Calculate the remainder when 89 is divided by l.
17
Suppose -5*g = 8*g. Let v = g + 60. What is the remainder when v is divided by 25?
10
Suppose 0*v - v = -10. Let z(d) = -d**2 + 11*d + 1. Let b be z(8). Let y = b - v. Calculate the remainder when 58 is divided by y.
13
Suppose -10 = 4*f + 2. Let c = 8 + f. Suppose 2 - 26 = -z + c*r, r = -5*z + 94. Calculate the remainder when z is divided by 12.
7
Let v(o) = o**3 + 18*o**2 + o + 31. Let c = -34 + 16. Calculate the remainder when 50 is divided by v(c).
11
Suppose 22*f = -3*c + 17*f - 10, c = -f. What is the remainder when 10 is divided by c?
0
Calculate the remainder when (-1183)/7*(2 - 4) is divided by 17.
15
Suppose -35 + 63 = 4*u. Suppose -5*a - t = -15, -2*a + t = -3*a + u. Calculate the remainder when 10 is divided by a.
0
Let s = -29 + 31. Suppose 0 = s*n - q - 174, -4*n + 3*n + 3*q + 92 = 0. Calculate the remainder when n is divided by 18.
14
Let z(w) = 370*w**2 + 7*w + 7. Calculate the remainder when z(-1) is divided by 27.
19
Let n(z) = -109*z + 13. Calculate the remainder when 375 is divided by n(0).
11
Suppose -4*n + 36 = 3*l, 2*n = 6*l - 2*l - 4. Calculate the remainder when 83 is divided by n.
5
Let b = -97 - -605. Let n = -71 + 114. Suppose 5*t + n = b. Calculate the remainder when t is divided by 24.
21
Suppose -85 = -4*k + 7. Suppose -u + k = 2. Calculate the remainder when u is divided by 11.
10
Suppose 2*v - 14 = -0. What is the remainder when 36 is divided by v?
1
Suppose -232 = -6*r + 2*r. Suppose 4*i - 5*i + 35 = -n, 3*n + 2*i + 115 = 0. Let j = r + n. What is the remainder when 61 is divided by j?
19
Suppose -135 = 5*x - 5*b, 4*b = 4*x + b + 109. Calculate the remainder when 2/(-2)*(x - -1) is divided by (50/(-6))/(120/(-216)).
12
Let u(y) = 13*y + 108. Calculate the remainder when 109 is divided by u(-4).
53
Suppose 4*o - 3*u + 0*u = 114, 2*o = u + 58. Suppose 4*v + 41 = 3*r, 5*r - 713*v - 83 = -710*v. What is the remainder when o is divided by r?
11
Suppose 2*j - 320 = -4*x, -5*x + x - j + 326 = 0. Suppose 42 = 5*h - 3*h. What is the remainder when x is divided by h?
20
Calculate the remainder when ((-24056)/(-93))/(1/3) is divided by 60.
56
Suppose -3*r + 6*k = -183, -r = 5*k - 15 - 60. What is the remainder when r is divided by 33?
32
Let x(z) = -8*z - 205. What is the remainder when 77 is divided by x(-30)?
7
Suppose -y + 11 = 10. What is the remainder when (-10 + 55)*y/1 is divided by 23?
22
Suppose 0 = 4*z - 3*z. Suppose 214 = 493*o - 488*o - g, -2*o - g + 87 = 0. What is the remainder when o is divided by (16 - 2) + 1 + z?
13
Let r(v) = -3*v**2 + v - 2. Suppose 0 = 5*u + 3*o - 11, 0 = 4*u + u + 4*o - 13. Let q be r(u). What is the remainder when 51 - q/(-16)*4 is divided by 26?
24
Let b = 6 + -3. Let a(n) = n + 12. Let z be a(16). Calculate the remainder when (2/7)/((6/z)/3) is divided by b.
1
Let w = 247 + -171. What is the remainder when 146 is divided by w?
70
Let r be (-3153)/(-15) - 1/5. Let q = 450 - 155. Let a = q - r. Calculate the remainder when a is divided by 22.
19
Suppose -4*n + 81 = 1. Let i = 10 + -8. Suppose n = 2*h - 4*v, h = -2*v - i*v + 16. Calculate the remainder when 35 is divided by h.
11
Suppose 26 = 3*m - 10. Calculate the remainder when 85 - (-12)/((-3)/1) is divided by m.
9
Let l(y) = -y**2 - 7*y - 1. What is the remainder when l(-2) is divided by 6?
3
Let g(x) = 395*x**2 - 9*x - 3. Calculate the remainder when g(-1) is divided by 134.
133
Let d = 35 + -21. Suppose 26*q - 190 = -12*q. What is the remainder when d is divided by q?
4
Let l = -10 + 12. Let m be 1 + (-1)/l*-10. What is the remainder when 655/9 + m/27 is divided by 25?
23
Let a(m) = -12*m**2 - 88*m + 13. What is the remainder when 163 is divided by a(-7)?
40
Calculate the remainder when (69/4)/((-195)/(-20) + -9) is divided by 6.
5
Let f(r) = 3*r**2 + 4*r - 3. Let n be f(3). Let s be ((-1)/(-2))/(7/1526). Let q = s - n. What is the remainder when q is divided by 19?
16
S